{"id":80,"date":"2014-05-15T00:21:17","date_gmt":"2014-05-14T23:21:17","guid":{"rendered":"http:\/\/proacid.wpengine.com\/?page_id=80"},"modified":"2022-06-25T00:11:04","modified_gmt":"2022-06-24T23:11:04","slug":"a-revolta-do-azeite","status":"publish","type":"page","link":"https:\/\/www.producoesacidentais.com\/en\/espectaculos\/a-revolta-do-azeite\/","title":{"rendered":"A Revolta do Azeite"},"content":{"rendered":"<p style=\"text-align: justify;\"><span style=\"font-family: 'Helvetica Neue Light',HelveticaNeue-Light,'Helvetica Neue',Helvetica,Arial,sans-serif; font-size: 14px; font-style: normal; font-variant: normal; font-weight: normal; letter-spacing: normal; line-height: 19.6px; text-align: justify; text-indent: 0px; text-transform: none; white-space: normal; word-spacing: 0px; background-color: #fafafa; display: inline ! important; float: none;\">E<\/span><span style=\"font-family: 'Helvetica Neue Light',HelveticaNeue-Light,'Helvetica Neue',Helvetica,Arial,sans-serif; font-size: 14px; font-style: normal; font-variant: normal; font-weight: normal; letter-spacing: normal; line-height: 19.6px; text-align: justify; text-indent: 0px; text-transform: none; white-space: normal; word-spacing: 0px; background-color: #fafafa; display: inline ! important; float: none;\">spect<\/span><span style=\"font-family: 'Helvetica Neue Light',HelveticaNeue-Light,'Helvetica Neue',Helvetica,Arial,sans-serif; font-size: 14px; font-style: normal; font-variant: normal; font-weight: normal; letter-spacing: normal; line-height: 19.6px; text-align: justify; text-indent: 0px; text-transform: none; white-space: normal; word-spacing: 0px; background-color: #fafafa; display: inline ! important; float: none;\">\u00e1culo de rua decorrente do curso de Express\u00e3o Dram\u00e1tica patrocinado pela Junta de Freguesia do Paul (Covilh\u00e3). A partir dos acontecimentos vividos\u00a0<span style=\"font-family: 'Helvetica Neue Light',HelveticaNeue-Light,'Helvetica Neue',Helvetica,Arial,sans-serif; font-size: 14px; font-style: normal; font-variant: normal; font-weight: normal; letter-spacing: normal; line-height: 19.6px; text-align: justify; text-indent: 0px; text-transform: none; white-space: normal; word-spacing: 0px; background-color: #fafafa; display: inline ! important; float: none;\">em 1942<\/span>, naquela que foi chamada a Revolta do Azeite e que mobilizou a popula\u00e7\u00e3o em peso contestando a expropria\u00e7\u00e3o do azeite da aldeia do Paul, ditada pelo governo de ent\u00e3o, que alegava que o esfor\u00e7o da 2\u00aa Guerra Mundial exigia esse sacrif\u00edcio. A popula\u00e7\u00e3o bloqueou as entradas da aldeia, enfrentando uma carga da GNR a cavalo que provocou algumas baixas. Acontecimento pouco documentado, apoi\u00e1mos a constru\u00e7\u00e3o deste espect\u00e1culo nos relatos orais de Pa\u00falenses que o viveram.<br \/>\n<\/span><\/p>\n<p style=\"text-align: justify;\"><span style=\"font-family: 'Helvetica Neue Light',HelveticaNeue-Light,'Helvetica Neue',Helvetica,Arial,sans-serif; font-size: 14px; font-style: normal; font-variant: normal; font-weight: normal; letter-spacing: normal; line-height: 19.6px; text-align: justify; text-indent: 0px; text-transform: none; white-space: normal; word-spacing: 0px; background-color: #fafafa; display: inline ! important; float: none;\">Direc\u00e7\u00e3o de Luzia Param\u00e9s e Paulo Guerreiro, interpreta\u00e7\u00e3o dos formandos<\/span><\/p>\n<p><span style=\"color: #000000; font-family: 'Helvetica Neue Light', HelveticaNeue-Light, 'Helvetica Neue', Helvetica, Arial, sans-serif; font-size: 14px; font-style: normal; font-variant: normal; font-weight: normal; letter-spacing: normal; line-height: 19.600000381469727px; orphans: auto; text-align: justify; text-indent: 0px; text-transform: none; white-space: normal; widows: auto; word-spacing: 0px; -webkit-text-stroke-width: 0px; background-color: #fafafa; display: inline !important; float: none;\">\u00a0<\/span><\/p>\n","protected":false},"excerpt":{"rendered":"<p>Espect\u00e1culo de rua decorrente do curso de Express\u00e3o Dram\u00e1tica patrocinado pela Junta de Freguesia do Paul (Covilh\u00e3). A partir dos acontecimentos vividos\u00a0em 1942, naquela que foi chamada a Revolta do Azeite e que mobilizou a popula\u00e7\u00e3o em peso contestando a expropria\u00e7\u00e3o do azeite da aldeia do Paul, ditada pelo governo de ent\u00e3o, que alegava que [&hellip;]<\/p>\n","protected":false},"author":2,"featured_media":0,"parent":14,"menu_order":0,"comment_status":"closed","ping_status":"closed","template":"","meta":{"ngg_post_thumbnail":0,"footnotes":""},"yoast_head":"<!-- This site is optimized with the Yoast SEO plugin v22.3 - https:\/\/yoast.com\/wordpress\/plugins\/seo\/ -->\n<title>A Revolta do Azeite - Produ\u00e7\u00f5es Acidentais<\/title>\n<meta name=\"robots\" content=\"index, follow, max-snippet:-1, max-image-preview:large, max-video-preview:-1\" \/>\n<link rel=\"canonical\" href=\"https:\/\/www.producoesacidentais.com\/en\/espectaculos\/a-revolta-do-azeite\/\" \/>\n<meta property=\"og:locale\" content=\"en_US\" \/>\n<meta property=\"og:type\" content=\"article\" \/>\n<meta property=\"og:title\" content=\"A Revolta do Azeite - Produ\u00e7\u00f5es Acidentais\" \/>\n<meta property=\"og:description\" content=\"Espect\u00e1culo de rua decorrente do curso de Express\u00e3o Dram\u00e1tica patrocinado pela Junta de Freguesia do Paul (Covilh\u00e3). A partir dos acontecimentos vividos\u00a0em 1942, naquela que foi chamada a Revolta do Azeite e que mobilizou a popula\u00e7\u00e3o em peso contestando a expropria\u00e7\u00e3o do azeite da aldeia do Paul, ditada pelo governo de ent\u00e3o, que alegava que [&hellip;]\" \/>\n<meta property=\"og:url\" content=\"https:\/\/www.producoesacidentais.com\/en\/espectaculos\/a-revolta-do-azeite\/\" \/>\n<meta property=\"og:site_name\" content=\"Produ\u00e7\u00f5es Acidentais\" \/>\n<meta property=\"article:publisher\" content=\"https:\/\/www.facebook.com\/ProAcid\/\" \/>\n<meta property=\"article:modified_time\" content=\"2022-06-24T23:11:04+00:00\" \/>\n<meta name=\"twitter:card\" content=\"summary_large_image\" \/>\n<meta name=\"twitter:label1\" content=\"Est. reading time\" \/>\n\t<meta name=\"twitter:data1\" content=\"1 minute\" \/>\n<script type=\"application\/ld+json\" class=\"yoast-schema-graph\">{\"@context\":\"https:\/\/schema.org\",\"@graph\":[{\"@type\":\"WebPage\",\"@id\":\"https:\/\/www.producoesacidentais.com\/en\/espectaculos\/a-revolta-do-azeite\/\",\"url\":\"https:\/\/www.producoesacidentais.com\/en\/espectaculos\/a-revolta-do-azeite\/\",\"name\":\"A Revolta do Azeite - Produ\u00e7\u00f5es Acidentais\",\"isPartOf\":{\"@id\":\"https:\/\/www.producoesacidentais.com\/#website\"},\"datePublished\":\"2014-05-14T23:21:17+00:00\",\"dateModified\":\"2022-06-24T23:11:04+00:00\",\"breadcrumb\":{\"@id\":\"https:\/\/www.producoesacidentais.com\/en\/espectaculos\/a-revolta-do-azeite\/#breadcrumb\"},\"inLanguage\":\"en-US\",\"potentialAction\":[{\"@type\":\"ReadAction\",\"target\":[\"https:\/\/www.producoesacidentais.com\/en\/espectaculos\/a-revolta-do-azeite\/\"]}]},{\"@type\":\"BreadcrumbList\",\"@id\":\"https:\/\/www.producoesacidentais.com\/en\/espectaculos\/a-revolta-do-azeite\/#breadcrumb\",\"itemListElement\":[{\"@type\":\"ListItem\",\"position\":1,\"name\":\"In\u00edcio\",\"item\":\"https:\/\/www.producoesacidentais.com\/\"},{\"@type\":\"ListItem\",\"position\":2,\"name\":\"espect\u00e1culos\",\"item\":\"https:\/\/www.producoesacidentais.com\/espectaculos\/\"},{\"@type\":\"ListItem\",\"position\":3,\"name\":\"A Revolta do Azeite\"}]},{\"@type\":\"WebSite\",\"@id\":\"https:\/\/www.producoesacidentais.com\/#website\",\"url\":\"https:\/\/www.producoesacidentais.com\/\",\"name\":\"Produ\u00e7\u00f5es Acidentais\",\"description\":\"The theater is so endlessly fascinating because it&#039;s so accidental. It&#039;s so much like life. -- Arthur Miller\",\"publisher\":{\"@id\":\"https:\/\/www.producoesacidentais.com\/#organization\"},\"potentialAction\":[{\"@type\":\"SearchAction\",\"target\":{\"@type\":\"EntryPoint\",\"urlTemplate\":\"https:\/\/www.producoesacidentais.com\/?s={search_term_string}\"},\"query-input\":\"required name=search_term_string\"}],\"inLanguage\":\"en-US\"},{\"@type\":\"Organization\",\"@id\":\"https:\/\/www.producoesacidentais.com\/#organization\",\"name\":\"Produ\u00e7\u00f5es Acidentais\",\"url\":\"https:\/\/www.producoesacidentais.com\/\",\"logo\":{\"@type\":\"ImageObject\",\"inLanguage\":\"en-US\",\"@id\":\"https:\/\/www.producoesacidentais.com\/#\/schema\/logo\/image\/\",\"url\":\"https:\/\/www.producoesacidentais.com\/wp-content\/uploads\/2021\/02\/cropped-producoesacidentais_vector.png\",\"contentUrl\":\"https:\/\/www.producoesacidentais.com\/wp-content\/uploads\/2021\/02\/cropped-producoesacidentais_vector.png\",\"width\":351,\"height\":91,\"caption\":\"Produ\u00e7\u00f5es Acidentais\"},\"image\":{\"@id\":\"https:\/\/www.producoesacidentais.com\/#\/schema\/logo\/image\/\"},\"sameAs\":[\"https:\/\/www.facebook.com\/ProAcid\/\"]}]}<\/script>\n<!-- \/ Yoast SEO plugin. -->","yoast_head_json":{"title":"A Revolta do Azeite - Produ\u00e7\u00f5es Acidentais","robots":{"index":"index","follow":"follow","max-snippet":"max-snippet:-1","max-image-preview":"max-image-preview:large","max-video-preview":"max-video-preview:-1"},"canonical":"https:\/\/www.producoesacidentais.com\/en\/espectaculos\/a-revolta-do-azeite\/","og_locale":"en_US","og_type":"article","og_title":"A Revolta do Azeite - Produ\u00e7\u00f5es Acidentais","og_description":"Espect\u00e1culo de rua decorrente do curso de Express\u00e3o Dram\u00e1tica patrocinado pela Junta de Freguesia do Paul (Covilh\u00e3). A partir dos acontecimentos vividos\u00a0em 1942, naquela que foi chamada a Revolta do Azeite e que mobilizou a popula\u00e7\u00e3o em peso contestando a expropria\u00e7\u00e3o do azeite da aldeia do Paul, ditada pelo governo de ent\u00e3o, que alegava que [&hellip;]","og_url":"https:\/\/www.producoesacidentais.com\/en\/espectaculos\/a-revolta-do-azeite\/","og_site_name":"Produ\u00e7\u00f5es Acidentais","article_publisher":"https:\/\/www.facebook.com\/ProAcid\/","article_modified_time":"2022-06-24T23:11:04+00:00","twitter_card":"summary_large_image","twitter_misc":{"Est. reading time":"1 minute"},"schema":{"@context":"https:\/\/schema.org","@graph":[{"@type":"WebPage","@id":"https:\/\/www.producoesacidentais.com\/en\/espectaculos\/a-revolta-do-azeite\/","url":"https:\/\/www.producoesacidentais.com\/en\/espectaculos\/a-revolta-do-azeite\/","name":"A Revolta do Azeite - Produ\u00e7\u00f5es Acidentais","isPartOf":{"@id":"https:\/\/www.producoesacidentais.com\/#website"},"datePublished":"2014-05-14T23:21:17+00:00","dateModified":"2022-06-24T23:11:04+00:00","breadcrumb":{"@id":"https:\/\/www.producoesacidentais.com\/en\/espectaculos\/a-revolta-do-azeite\/#breadcrumb"},"inLanguage":"en-US","potentialAction":[{"@type":"ReadAction","target":["https:\/\/www.producoesacidentais.com\/en\/espectaculos\/a-revolta-do-azeite\/"]}]},{"@type":"BreadcrumbList","@id":"https:\/\/www.producoesacidentais.com\/en\/espectaculos\/a-revolta-do-azeite\/#breadcrumb","itemListElement":[{"@type":"ListItem","position":1,"name":"In\u00edcio","item":"https:\/\/www.producoesacidentais.com\/"},{"@type":"ListItem","position":2,"name":"espect\u00e1culos","item":"https:\/\/www.producoesacidentais.com\/espectaculos\/"},{"@type":"ListItem","position":3,"name":"A Revolta do Azeite"}]},{"@type":"WebSite","@id":"https:\/\/www.producoesacidentais.com\/#website","url":"https:\/\/www.producoesacidentais.com\/","name":"Produ\u00e7\u00f5es Acidentais","description":"The theater is so endlessly fascinating because it&#039;s so accidental. It&#039;s so much like life. -- Arthur Miller","publisher":{"@id":"https:\/\/www.producoesacidentais.com\/#organization"},"potentialAction":[{"@type":"SearchAction","target":{"@type":"EntryPoint","urlTemplate":"https:\/\/www.producoesacidentais.com\/?s={search_term_string}"},"query-input":"required name=search_term_string"}],"inLanguage":"en-US"},{"@type":"Organization","@id":"https:\/\/www.producoesacidentais.com\/#organization","name":"Produ\u00e7\u00f5es Acidentais","url":"https:\/\/www.producoesacidentais.com\/","logo":{"@type":"ImageObject","inLanguage":"en-US","@id":"https:\/\/www.producoesacidentais.com\/#\/schema\/logo\/image\/","url":"https:\/\/www.producoesacidentais.com\/wp-content\/uploads\/2021\/02\/cropped-producoesacidentais_vector.png","contentUrl":"https:\/\/www.producoesacidentais.com\/wp-content\/uploads\/2021\/02\/cropped-producoesacidentais_vector.png","width":351,"height":91,"caption":"Produ\u00e7\u00f5es Acidentais"},"image":{"@id":"https:\/\/www.producoesacidentais.com\/#\/schema\/logo\/image\/"},"sameAs":["https:\/\/www.facebook.com\/ProAcid\/"]}]}},"_links":{"self":[{"href":"https:\/\/www.producoesacidentais.com\/en\/wp-json\/wp\/v2\/pages\/80"}],"collection":[{"href":"https:\/\/www.producoesacidentais.com\/en\/wp-json\/wp\/v2\/pages"}],"about":[{"href":"https:\/\/www.producoesacidentais.com\/en\/wp-json\/wp\/v2\/types\/page"}],"author":[{"embeddable":true,"href":"https:\/\/www.producoesacidentais.com\/en\/wp-json\/wp\/v2\/users\/2"}],"replies":[{"embeddable":true,"href":"https:\/\/www.producoesacidentais.com\/en\/wp-json\/wp\/v2\/comments?post=80"}],"version-history":[{"count":1,"href":"https:\/\/www.producoesacidentais.com\/en\/wp-json\/wp\/v2\/pages\/80\/revisions"}],"predecessor-version":[{"id":235,"href":"https:\/\/www.producoesacidentais.com\/en\/wp-json\/wp\/v2\/pages\/80\/revisions\/235"}],"up":[{"embeddable":true,"href":"https:\/\/www.producoesacidentais.com\/en\/wp-json\/wp\/v2\/pages\/14"}],"wp:attachment":[{"href":"https:\/\/www.producoesacidentais.com\/en\/wp-json\/wp\/v2\/media?parent=80"}],"curies":[{"name":"wp","href":"https:\/\/api.w.org\/{rel}","templated":true}]}}

<p style="text-align: justify;"><span style="font-family: 'Helvetica Neue Light',HelveticaNeue-Light,'Helvetica Neue',Helvetica,Arial,sans-serif; font-size: 14px; font-style: normal; font-variant: normal; font-weight: normal; letter-spacing: normal; line-height: 19.6px; text-align: justify; text-indent: 0px; text-transform: none; white-space: normal; word-spacing: 0px; background-color: #fafafa; display: inline ! important; float: none;">E</span><span style="font-family: 'Helvetica Neue Light',HelveticaNeue-Light,'Helvetica Neue',Helvetica,Arial,sans-serif; font-size: 14px; font-style: normal; font-variant: normal; font-weight: normal; letter-spacing: normal; line-height: 19.6px; text-align: justify; text-indent: 0px; text-transform: none; white-space: normal; word-spacing: 0px; background-color: #fafafa; display: inline ! important; float: none;">spect</span><span style="font-family: 'Helvetica Neue Light',HelveticaNeue-Light,'Helvetica Neue',Helvetica,Arial,sans-serif; font-size: 14px; font-style: normal; font-variant: normal; font-weight: normal; letter-spacing: normal; line-height: 19.6px; text-align: justify; text-indent: 0px; text-transform: none; white-space: normal; word-spacing: 0px; background-color: #fafafa; display: inline ! important; float: none;">áculo de rua decorrente do curso de Expressão Dramática patrocinado pela Junta de Freguesia do Paul (Covilhã). A partir dos acontecimentos vividos <span style="font-family: 'Helvetica Neue Light',HelveticaNeue-Light,'Helvetica Neue',Helvetica,Arial,sans-serif; font-size: 14px; font-style: normal; font-variant: normal; font-weight: normal; letter-spacing: normal; line-height: 19.6px; text-align: justify; text-indent: 0px; text-transform: none; white-space: normal; word-spacing: 0px; background-color: #fafafa; display: inline ! important; float: none;">em 1942</span>, naquela que foi chamada a Revolta do Azeite e que mobilizou a população em peso contestando a expropriação do azeite da aldeia do Paul, ditada pelo governo de então, que alegava que o esforço da 2ª Guerra Mundial exigia esse sacrifício. A população bloqueou as entradas da aldeia, enfrentando uma carga da GNR a cavalo que provocou algumas baixas. Acontecimento pouco documentado, apoiámos a construção deste espectáculo nos relatos orais de Paúlenses que o viveram.<br />
</span></p>
<p style="text-align: justify;"><span style="font-family: 'Helvetica Neue Light',HelveticaNeue-Light,'Helvetica Neue',Helvetica,Arial,sans-serif; font-size: 14px; font-style: normal; font-variant: normal; font-weight: normal; letter-spacing: normal; line-height: 19.6px; text-align: justify; text-indent: 0px; text-transform: none; white-space: normal; word-spacing: 0px; background-color: #fafafa; display: inline ! important; float: none;">Direcção de Luzia Paramés e Paulo Guerreiro, interpretação dos formandos</span></p>
<p><span style="color: #000000; font-family: 'Helvetica Neue Light', HelveticaNeue-Light, 'Helvetica Neue', Helvetica, Arial, sans-serif; font-size: 14px; font-style: normal; font-variant: normal; font-weight: normal; letter-spacing: normal; line-height: 19.600000381469727px; orphans: auto; text-align: justify; text-indent: 0px; text-transform: none; white-space: normal; widows: auto; word-spacing: 0px; -webkit-text-stroke-width: 0px; background-color: #fafafa; display: inline !important; float: none;"> </span></p>

<p>Espectáculo de rua decorrente do curso de Expressão Dramática patrocinado pela Junta de Freguesia do Paul (Covilhã). A partir dos acontecimentos vividos em 1942, naquela que foi chamada a Revolta do Azeite e que mobilizou a população em peso contestando a expropriação do azeite da aldeia do Paul, ditada pelo governo de então, que alegava que [&hellip;]</p>

<!-- This site is optimized with the Yoast SEO plugin v22.3 - https://yoast.com/wordpress/plugins/seo/ -->
<title>A Revolta do Azeite - Produções Acidentais</title>
<meta name="robots" content="index, follow, max-snippet:-1, max-image-preview:large, max-video-preview:-1" />
<link rel="canonical" href="https://www.producoesacidentais.com/en/espectaculos/a-revolta-do-azeite/" />
<meta property="og:locale" content="en_US" />
<meta property="og:type" content="article" />
<meta property="og:title" content="A Revolta do Azeite - Produções Acidentais" />
<meta property="og:description" content="Espectáculo de rua decorrente do curso de Expressão Dramática patrocinado pela Junta de Freguesia do Paul (Covilhã). A partir dos acontecimentos vividos em 1942, naquela que foi chamada a Revolta do Azeite e que mobilizou a população em peso contestando a expropriação do azeite da aldeia do Paul, ditada pelo governo de então, que alegava que [&hellip;]" />
<meta property="og:url" content="https://www.producoesacidentais.com/en/espectaculos/a-revolta-do-azeite/" />
<meta property="og:site_name" content="Produções Acidentais" />
<meta property="article:publisher" content="https://www.facebook.com/ProAcid/" />
<meta property="article:modified_time" content="2022-06-24T23:11:04+00:00" />
<meta name="twitter:card" content="summary_large_image" />
<meta name="twitter:label1" content="Est. reading time" />
	<meta name="twitter:data1" content="1 minute" />
<script type="application/ld+json" class="yoast-schema-graph">{"@context":"https://schema.org","@graph":[{"@type":"WebPage","@id":"https://www.producoesacidentais.com/en/espectaculos/a-revolta-do-azeite/","url":"https://www.producoesacidentais.com/en/espectaculos/a-revolta-do-azeite/","name":"A Revolta do Azeite - Produções Acidentais","isPartOf":{"@id":"https://www.producoesacidentais.com/#website"},"datePublished":"2014-05-14T23:21:17+00:00","dateModified":"2022-06-24T23:11:04+00:00","breadcrumb":{"@id":"https://www.producoesacidentais.com/en/espectaculos/a-revolta-do-azeite/#breadcrumb"},"inLanguage":"en-US","potentialAction":[{"@type":"ReadAction","target":["https://www.producoesacidentais.com/en/espectaculos/a-revolta-do-azeite/"]}]},{"@type":"BreadcrumbList","@id":"https://www.producoesacidentais.com/en/espectaculos/a-revolta-do-azeite/#breadcrumb","itemListElement":[{"@type":"ListItem","position":1,"name":"Início","item":"https://www.producoesacidentais.com/"},{"@type":"ListItem","position":2,"name":"espectáculos","item":"https://www.producoesacidentais.com/espectaculos/"},{"@type":"ListItem","position":3,"name":"A Revolta do Azeite"}]},{"@type":"WebSite","@id":"https://www.producoesacidentais.com/#website","url":"https://www.producoesacidentais.com/","name":"Produções Acidentais","description":"The theater is so endlessly fascinating because it&#039;s so accidental. It&#039;s so much like life. -- Arthur Miller","publisher":{"@id":"https://www.producoesacidentais.com/#organization"},"potentialAction":[{"@type":"SearchAction","target":{"@type":"EntryPoint","urlTemplate":"https://www.producoesacidentais.com/?s={search_term_string}"},"query-input":"required name=search_term_string"}],"inLanguage":"en-US"},{"@type":"Organization","@id":"https://www.producoesacidentais.com/#organization","name":"Produções Acidentais","url":"https://www.producoesacidentais.com/","logo":{"@type":"ImageObject","inLanguage":"en-US","@id":"https://www.producoesacidentais.com/#/schema/logo/image/","url":"https://www.producoesacidentais.com/wp-content/uploads/2021/02/cropped-producoesacidentais_vector.png","contentUrl":"https://www.producoesacidentais.com/wp-content/uploads/2021/02/cropped-producoesacidentais_vector.png","width":351,"height":91,"caption":"Produções Acidentais"},"image":{"@id":"https://www.producoesacidentais.com/#/schema/logo/image/"},"sameAs":["https://www.facebook.com/ProAcid/"]}]}</script>
<!-- / Yoast SEO plugin. -->

A Revolta do Azeite - Produções Acidentais

Espectáculo de rua decorrente do curso de Expressão Dramática patrocinado pela Junta de Freguesia do Paul (Covilhã). A partir dos acontecimentos vividos em 1942, naquela que foi chamada a Revolta do Azeite e que mobilizou a população em peso contestando a expropriação do azeite da aldeia do Paul, ditada pelo governo de então, que alegava que [&hellip;]

Produções Acidentais

Início

espectáculos
