{"id":28,"date":"2013-09-28T17:31:52","date_gmt":"2013-09-28T16:31:52","guid":{"rendered":"http:\/\/proacid.wpengine.com\/?page_id=28"},"modified":"2022-06-25T00:11:18","modified_gmt":"2022-06-24T23:11:18","slug":"vaudeville-e-volto-a-pe","status":"publish","type":"page","link":"https:\/\/www.producoesacidentais.com\/en\/espectaculos\/vaudeville-e-volto-a-pe\/","title":{"rendered":"Vaudeville e Volto a P\u00e9"},"content":{"rendered":"<p><a href=\"http:\/\/proacid.wpengine.com\/wp-content\/uploads\/2013\/09\/Vaudeville-e-Volto-a-P\u00e9.png\"><img loading=\"lazy\" decoding=\"async\" class=\"alignnone wp-image-86 size-large\" src=\"http:\/\/proacid.wpengine.com\/wp-content\/uploads\/2013\/09\/Vaudeville-e-Volto-a-P\u00e9-675x1024.png\" alt=\"Vaudeville e Volto a P\u00e9\" width=\"625\" height=\"948\" srcset=\"https:\/\/www.producoesacidentais.com\/wp-content\/uploads\/2013\/09\/Vaudeville-e-Volto-a-P\u00e9-675x1024.png 675w, https:\/\/www.producoesacidentais.com\/wp-content\/uploads\/2013\/09\/Vaudeville-e-Volto-a-P\u00e9-197x300.png 197w, https:\/\/www.producoesacidentais.com\/wp-content\/uploads\/2013\/09\/Vaudeville-e-Volto-a-P\u00e9-624x946.png 624w, https:\/\/www.producoesacidentais.com\/wp-content\/uploads\/2013\/09\/Vaudeville-e-Volto-a-P\u00e9.png 956w\" sizes=\"(max-width: 625px) 100vw, 625px\" \/><\/a><\/p>\n<p>Textos de Fernando Gomes, encena\u00e7\u00e3o colectiva, estreia nos Encontros de Teatro do Seixal.<\/p>\n<p>Actores: Luzia Param\u00e9s, Maria Frade, Paulo Guerreiro<\/p>\n","protected":false},"excerpt":{"rendered":"<p>Textos de Fernando Gomes, encena\u00e7\u00e3o colectiva, estreia nos Encontros de Teatro do Seixal. Actores: Luzia Param\u00e9s, Maria Frade, Paulo Guerreiro<\/p>\n","protected":false},"author":2,"featured_media":0,"parent":14,"menu_order":0,"comment_status":"closed","ping_status":"closed","template":"","meta":{"ngg_post_thumbnail":0,"footnotes":""},"yoast_head":"<!-- This site is optimized with the Yoast SEO plugin v22.3 - https:\/\/yoast.com\/wordpress\/plugins\/seo\/ -->\n<title>Vaudeville e Volto a P\u00e9 - Produ\u00e7\u00f5es Acidentais<\/title>\n<meta name=\"robots\" content=\"index, follow, max-snippet:-1, max-image-preview:large, max-video-preview:-1\" \/>\n<link rel=\"canonical\" href=\"https:\/\/www.producoesacidentais.com\/espectaculos\/vaudeville-e-volto-a-pe\/\" \/>\n<meta property=\"og:locale\" content=\"en_US\" \/>\n<meta property=\"og:type\" content=\"article\" \/>\n<meta property=\"og:title\" content=\"Vaudeville e Volto a P\u00e9 - Produ\u00e7\u00f5es Acidentais\" \/>\n<meta property=\"og:description\" content=\"Textos de Fernando Gomes, encena\u00e7\u00e3o colectiva, estreia nos Encontros de Teatro do Seixal. Actores: Luzia Param\u00e9s, Maria Frade, Paulo Guerreiro\" \/>\n<meta property=\"og:url\" content=\"https:\/\/www.producoesacidentais.com\/espectaculos\/vaudeville-e-volto-a-pe\/\" \/>\n<meta property=\"og:site_name\" content=\"Produ\u00e7\u00f5es Acidentais\" \/>\n<meta property=\"article:publisher\" content=\"https:\/\/www.facebook.com\/ProAcid\/\" \/>\n<meta property=\"article:modified_time\" content=\"2022-06-24T23:11:18+00:00\" \/>\n<meta name=\"twitter:card\" content=\"summary_large_image\" \/>\n<script type=\"application\/ld+json\" class=\"yoast-schema-graph\">{\"@context\":\"https:\/\/schema.org\",\"@graph\":[{\"@type\":\"WebPage\",\"@id\":\"https:\/\/www.producoesacidentais.com\/espectaculos\/vaudeville-e-volto-a-pe\/\",\"url\":\"https:\/\/www.producoesacidentais.com\/espectaculos\/vaudeville-e-volto-a-pe\/\",\"name\":\"Vaudeville e Volto a P\u00e9 - Produ\u00e7\u00f5es Acidentais\",\"isPartOf\":{\"@id\":\"https:\/\/www.producoesacidentais.com\/#website\"},\"datePublished\":\"2013-09-28T16:31:52+00:00\",\"dateModified\":\"2022-06-24T23:11:18+00:00\",\"breadcrumb\":{\"@id\":\"https:\/\/www.producoesacidentais.com\/espectaculos\/vaudeville-e-volto-a-pe\/#breadcrumb\"},\"inLanguage\":\"en-US\",\"potentialAction\":[{\"@type\":\"ReadAction\",\"target\":[\"https:\/\/www.producoesacidentais.com\/espectaculos\/vaudeville-e-volto-a-pe\/\"]}]},{\"@type\":\"BreadcrumbList\",\"@id\":\"https:\/\/www.producoesacidentais.com\/espectaculos\/vaudeville-e-volto-a-pe\/#breadcrumb\",\"itemListElement\":[{\"@type\":\"ListItem\",\"position\":1,\"name\":\"In\u00edcio\",\"item\":\"https:\/\/www.producoesacidentais.com\/\"},{\"@type\":\"ListItem\",\"position\":2,\"name\":\"espect\u00e1culos\",\"item\":\"https:\/\/www.producoesacidentais.com\/espectaculos\/\"},{\"@type\":\"ListItem\",\"position\":3,\"name\":\"Vaudeville e Volto a P\u00e9\"}]},{\"@type\":\"WebSite\",\"@id\":\"https:\/\/www.producoesacidentais.com\/#website\",\"url\":\"https:\/\/www.producoesacidentais.com\/\",\"name\":\"Produ\u00e7\u00f5es Acidentais\",\"description\":\"The theater is so endlessly fascinating because it&#039;s so accidental. It&#039;s so much like life. -- Arthur Miller\",\"publisher\":{\"@id\":\"https:\/\/www.producoesacidentais.com\/#organization\"},\"potentialAction\":[{\"@type\":\"SearchAction\",\"target\":{\"@type\":\"EntryPoint\",\"urlTemplate\":\"https:\/\/www.producoesacidentais.com\/?s={search_term_string}\"},\"query-input\":\"required name=search_term_string\"}],\"inLanguage\":\"en-US\"},{\"@type\":\"Organization\",\"@id\":\"https:\/\/www.producoesacidentais.com\/#organization\",\"name\":\"Produ\u00e7\u00f5es Acidentais\",\"url\":\"https:\/\/www.producoesacidentais.com\/\",\"logo\":{\"@type\":\"ImageObject\",\"inLanguage\":\"en-US\",\"@id\":\"https:\/\/www.producoesacidentais.com\/#\/schema\/logo\/image\/\",\"url\":\"https:\/\/www.producoesacidentais.com\/wp-content\/uploads\/2021\/02\/cropped-producoesacidentais_vector.png\",\"contentUrl\":\"https:\/\/www.producoesacidentais.com\/wp-content\/uploads\/2021\/02\/cropped-producoesacidentais_vector.png\",\"width\":351,\"height\":91,\"caption\":\"Produ\u00e7\u00f5es Acidentais\"},\"image\":{\"@id\":\"https:\/\/www.producoesacidentais.com\/#\/schema\/logo\/image\/\"},\"sameAs\":[\"https:\/\/www.facebook.com\/ProAcid\/\"]}]}<\/script>\n<!-- \/ Yoast SEO plugin. -->","yoast_head_json":{"title":"Vaudeville e Volto a P\u00e9 - Produ\u00e7\u00f5es Acidentais","robots":{"index":"index","follow":"follow","max-snippet":"max-snippet:-1","max-image-preview":"max-image-preview:large","max-video-preview":"max-video-preview:-1"},"canonical":"https:\/\/www.producoesacidentais.com\/espectaculos\/vaudeville-e-volto-a-pe\/","og_locale":"en_US","og_type":"article","og_title":"Vaudeville e Volto a P\u00e9 - Produ\u00e7\u00f5es Acidentais","og_description":"Textos de Fernando Gomes, encena\u00e7\u00e3o colectiva, estreia nos Encontros de Teatro do Seixal. Actores: Luzia Param\u00e9s, Maria Frade, Paulo Guerreiro","og_url":"https:\/\/www.producoesacidentais.com\/espectaculos\/vaudeville-e-volto-a-pe\/","og_site_name":"Produ\u00e7\u00f5es Acidentais","article_publisher":"https:\/\/www.facebook.com\/ProAcid\/","article_modified_time":"2022-06-24T23:11:18+00:00","twitter_card":"summary_large_image","schema":{"@context":"https:\/\/schema.org","@graph":[{"@type":"WebPage","@id":"https:\/\/www.producoesacidentais.com\/espectaculos\/vaudeville-e-volto-a-pe\/","url":"https:\/\/www.producoesacidentais.com\/espectaculos\/vaudeville-e-volto-a-pe\/","name":"Vaudeville e Volto a P\u00e9 - Produ\u00e7\u00f5es Acidentais","isPartOf":{"@id":"https:\/\/www.producoesacidentais.com\/#website"},"datePublished":"2013-09-28T16:31:52+00:00","dateModified":"2022-06-24T23:11:18+00:00","breadcrumb":{"@id":"https:\/\/www.producoesacidentais.com\/espectaculos\/vaudeville-e-volto-a-pe\/#breadcrumb"},"inLanguage":"en-US","potentialAction":[{"@type":"ReadAction","target":["https:\/\/www.producoesacidentais.com\/espectaculos\/vaudeville-e-volto-a-pe\/"]}]},{"@type":"BreadcrumbList","@id":"https:\/\/www.producoesacidentais.com\/espectaculos\/vaudeville-e-volto-a-pe\/#breadcrumb","itemListElement":[{"@type":"ListItem","position":1,"name":"In\u00edcio","item":"https:\/\/www.producoesacidentais.com\/"},{"@type":"ListItem","position":2,"name":"espect\u00e1culos","item":"https:\/\/www.producoesacidentais.com\/espectaculos\/"},{"@type":"ListItem","position":3,"name":"Vaudeville e Volto a P\u00e9"}]},{"@type":"WebSite","@id":"https:\/\/www.producoesacidentais.com\/#website","url":"https:\/\/www.producoesacidentais.com\/","name":"Produ\u00e7\u00f5es Acidentais","description":"The theater is so endlessly fascinating because it&#039;s so accidental. It&#039;s so much like life. -- Arthur Miller","publisher":{"@id":"https:\/\/www.producoesacidentais.com\/#organization"},"potentialAction":[{"@type":"SearchAction","target":{"@type":"EntryPoint","urlTemplate":"https:\/\/www.producoesacidentais.com\/?s={search_term_string}"},"query-input":"required name=search_term_string"}],"inLanguage":"en-US"},{"@type":"Organization","@id":"https:\/\/www.producoesacidentais.com\/#organization","name":"Produ\u00e7\u00f5es Acidentais","url":"https:\/\/www.producoesacidentais.com\/","logo":{"@type":"ImageObject","inLanguage":"en-US","@id":"https:\/\/www.producoesacidentais.com\/#\/schema\/logo\/image\/","url":"https:\/\/www.producoesacidentais.com\/wp-content\/uploads\/2021\/02\/cropped-producoesacidentais_vector.png","contentUrl":"https:\/\/www.producoesacidentais.com\/wp-content\/uploads\/2021\/02\/cropped-producoesacidentais_vector.png","width":351,"height":91,"caption":"Produ\u00e7\u00f5es Acidentais"},"image":{"@id":"https:\/\/www.producoesacidentais.com\/#\/schema\/logo\/image\/"},"sameAs":["https:\/\/www.facebook.com\/ProAcid\/"]}]}},"_links":{"self":[{"href":"https:\/\/www.producoesacidentais.com\/en\/wp-json\/wp\/v2\/pages\/28"}],"collection":[{"href":"https:\/\/www.producoesacidentais.com\/en\/wp-json\/wp\/v2\/pages"}],"about":[{"href":"https:\/\/www.producoesacidentais.com\/en\/wp-json\/wp\/v2\/types\/page"}],"author":[{"embeddable":true,"href":"https:\/\/www.producoesacidentais.com\/en\/wp-json\/wp\/v2\/users\/2"}],"replies":[{"embeddable":true,"href":"https:\/\/www.producoesacidentais.com\/en\/wp-json\/wp\/v2\/comments?post=28"}],"version-history":[{"count":1,"href":"https:\/\/www.producoesacidentais.com\/en\/wp-json\/wp\/v2\/pages\/28\/revisions"}],"predecessor-version":[{"id":243,"href":"https:\/\/www.producoesacidentais.com\/en\/wp-json\/wp\/v2\/pages\/28\/revisions\/243"}],"up":[{"embeddable":true,"href":"https:\/\/www.producoesacidentais.com\/en\/wp-json\/wp\/v2\/pages\/14"}],"wp:attachment":[{"href":"https:\/\/www.producoesacidentais.com\/en\/wp-json\/wp\/v2\/media?parent=28"}],"curies":[{"name":"wp","href":"https:\/\/api.w.org\/{rel}","templated":true}]}}

Vaudeville e Volto a Pé

<p><a href="http://proacid.wpengine.com/wp-content/uploads/2013/09/Vaudeville-e-Volto-a-Pé.png"><img loading="lazy" decoding="async" class="alignnone wp-image-86 size-large" src="http://proacid.wpengine.com/wp-content/uploads/2013/09/Vaudeville-e-Volto-a-Pé-675x1024.png" alt="Vaudeville e Volto a Pé" width="625" height="948" srcset="https://www.producoesacidentais.com/wp-content/uploads/2013/09/Vaudeville-e-Volto-a-Pé-675x1024.png 675w, https://www.producoesacidentais.com/wp-content/uploads/2013/09/Vaudeville-e-Volto-a-Pé-197x300.png 197w, https://www.producoesacidentais.com/wp-content/uploads/2013/09/Vaudeville-e-Volto-a-Pé-624x946.png 624w, https://www.producoesacidentais.com/wp-content/uploads/2013/09/Vaudeville-e-Volto-a-Pé.png 956w" sizes="(max-width: 625px) 100vw, 625px" /></a></p>
<p>Textos de Fernando Gomes, encenação colectiva, estreia nos Encontros de Teatro do Seixal.</p>
<p>Actores: Luzia Paramés, Maria Frade, Paulo Guerreiro</p>

<p>Textos de Fernando Gomes, encenação colectiva, estreia nos Encontros de Teatro do Seixal. Actores: Luzia Paramés, Maria Frade, Paulo Guerreiro</p>

<!-- This site is optimized with the Yoast SEO plugin v22.3 - https://yoast.com/wordpress/plugins/seo/ -->
<title>Vaudeville e Volto a Pé - Produções Acidentais</title>
<meta name="robots" content="index, follow, max-snippet:-1, max-image-preview:large, max-video-preview:-1" />
<link rel="canonical" href="https://www.producoesacidentais.com/espectaculos/vaudeville-e-volto-a-pe/" />
<meta property="og:locale" content="en_US" />
<meta property="og:type" content="article" />
<meta property="og:title" content="Vaudeville e Volto a Pé - Produções Acidentais" />
<meta property="og:description" content="Textos de Fernando Gomes, encenação colectiva, estreia nos Encontros de Teatro do Seixal. Actores: Luzia Paramés, Maria Frade, Paulo Guerreiro" />
<meta property="og:url" content="https://www.producoesacidentais.com/espectaculos/vaudeville-e-volto-a-pe/" />
<meta property="og:site_name" content="Produções Acidentais" />
<meta property="article:publisher" content="https://www.facebook.com/ProAcid/" />
<meta property="article:modified_time" content="2022-06-24T23:11:18+00:00" />
<meta name="twitter:card" content="summary_large_image" />
<script type="application/ld+json" class="yoast-schema-graph">{"@context":"https://schema.org","@graph":[{"@type":"WebPage","@id":"https://www.producoesacidentais.com/espectaculos/vaudeville-e-volto-a-pe/","url":"https://www.producoesacidentais.com/espectaculos/vaudeville-e-volto-a-pe/","name":"Vaudeville e Volto a Pé - Produções Acidentais","isPartOf":{"@id":"https://www.producoesacidentais.com/#website"},"datePublished":"2013-09-28T16:31:52+00:00","dateModified":"2022-06-24T23:11:18+00:00","breadcrumb":{"@id":"https://www.producoesacidentais.com/espectaculos/vaudeville-e-volto-a-pe/#breadcrumb"},"inLanguage":"en-US","potentialAction":[{"@type":"ReadAction","target":["https://www.producoesacidentais.com/espectaculos/vaudeville-e-volto-a-pe/"]}]},{"@type":"BreadcrumbList","@id":"https://www.producoesacidentais.com/espectaculos/vaudeville-e-volto-a-pe/#breadcrumb","itemListElement":[{"@type":"ListItem","position":1,"name":"Início","item":"https://www.producoesacidentais.com/"},{"@type":"ListItem","position":2,"name":"espectáculos","item":"https://www.producoesacidentais.com/espectaculos/"},{"@type":"ListItem","position":3,"name":"Vaudeville e Volto a Pé"}]},{"@type":"WebSite","@id":"https://www.producoesacidentais.com/#website","url":"https://www.producoesacidentais.com/","name":"Produções Acidentais","description":"The theater is so endlessly fascinating because it&#039;s so accidental. It&#039;s so much like life. -- Arthur Miller","publisher":{"@id":"https://www.producoesacidentais.com/#organization"},"potentialAction":[{"@type":"SearchAction","target":{"@type":"EntryPoint","urlTemplate":"https://www.producoesacidentais.com/?s={search_term_string}"},"query-input":"required name=search_term_string"}],"inLanguage":"en-US"},{"@type":"Organization","@id":"https://www.producoesacidentais.com/#organization","name":"Produções Acidentais","url":"https://www.producoesacidentais.com/","logo":{"@type":"ImageObject","inLanguage":"en-US","@id":"https://www.producoesacidentais.com/#/schema/logo/image/","url":"https://www.producoesacidentais.com/wp-content/uploads/2021/02/cropped-producoesacidentais_vector.png","contentUrl":"https://www.producoesacidentais.com/wp-content/uploads/2021/02/cropped-producoesacidentais_vector.png","width":351,"height":91,"caption":"Produções Acidentais"},"image":{"@id":"https://www.producoesacidentais.com/#/schema/logo/image/"},"sameAs":["https://www.facebook.com/ProAcid/"]}]}</script>
<!-- / Yoast SEO plugin. -->

Vaudeville e Volto a Pé - Produções Acidentais

Textos de Fernando Gomes, encenação colectiva, estreia nos Encontros de Teatro do Seixal. Actores: Luzia Paramés, Maria Frade, Paulo Guerreiro

Produções Acidentais

Início

espectáculos
